. List the prime factors of a.
2, 3, 7
Let g be 18/(-24)*(-8)/(-3). What are the prime factors of g*4*9285/(-120)?
619
Let w(m) = 108*m + 23. Suppose -1 + 4 = o - 4*p, -2*o = 2*p - 6. What are the prime factors of w(o)?
347
Let z(f) = 888*f**2 - 93*f - 287. What are the prime factors of z(-3)?
2, 499
Let h(s) = -40*s - 10 + 0*s - 32. Let n(c) = c**2 + 109*c - 1067. Let p be n(9). What are the prime factors of h(p)?
2, 79
Suppose -4*l + 9*r - 10*r + 5595 = 0, 0 = -4*l + 3*r + 5599. Suppose 8*t - 8785 = l. What are the prime factors of t?
19, 67
Suppose -4*k - 16 = o, 4*o - 4*k - 5 = -9. Let a(d) = -5*d + 14. What are the prime factors of a(o)?
2, 17
Suppose 0 = -5*s - 5*b - 13095, -2*s - 4*b - 472 - 4762 = 0. List the prime factors of (1 - s)*(2 + 5/(-3)).
2, 19, 23
Suppose -r = -7*o + 11*o - 39328, 0 = 5*o + 4*r - 49149. What are the prime factors of o?
9833
Suppose -16*z + 13*z - 4*z = -15806. What are the prime factors of z?
2, 1129
Let i(r) = 9 + 22*r**2 - 10*r**2 - 3*r + 7*r + 11. What are the prime factors of i(-6)?
2, 107
Suppose 0 = -5*q + 2*d - 3209, 4*q + 2*d = -718 - 1860. Let v = q + 1008. What are the prime factors of v?
5, 73
List the prime factors of ((2 + -3)*-31973)/(6 + 1 + -6).
31973
Let c(d) = d - 18. Let k be c(12). List the prime factors of ((-3)/(-2))/(k/(-3392)).
2, 53
Suppose -v - 445 = -2059. What are the prime factors of v?
2, 3, 269
Let p be 26/2*(-105)/7. Let d = 35 - p. Let y = -58 + d. What are the prime factors of y?
2, 43
Suppose 14*r - 10 = 32. Let a(s) = 46*s**2 + 24*s - 83. What are the prime factors of a(r)?
13, 31
Let i = 483 - -249. What are the prime factors of (i/24)/(2/92)?
23, 61
What are the prime factors of 1500/((-8)/(-3) - (-3)/((-9)/6))?
2, 3, 5
Suppose 2725 = -5*r + 2*v, 3*v - 2710 = 5*r - 2*v. Let m = r - -1033. What are the prime factors of m?
2, 3
What are the prime factors of (142800/(-72))/(2/(-6))?
2, 5, 7, 17
Let t be (-4)/(32/(-24))*-1. What are the prime factors of 314 + 10 + 7 + t?
2, 41
Let h = 70802 - 41886. List the prime factors of h.
2, 7229
Let j = 76 + -105. What are the prime factors of (-41 + j)/((2/3)/(-1))?
3, 5, 7
What are the prime factors of 14770/(((-132)/(-330))/((-4)/50) + 6)?
2, 5, 7, 211
Let j = 202 + -189. Suppose -16*i = -j*i - 975. What are the prime factors of i?
5, 13
Let s(h) = 11*h**2 + 63*h - 1193. List the prime factors of s(-66).
5, 8513
Suppose 4580 = 2*v - 3*u, -3*v + 6869 = 2*u - 6*u. Let b = -1322 + v. List the prime factors of b.
5, 193
Let z(k) = -4*k**3 + 420 + 241 - 3*k**3 + 9*k**3. What are the prime factors of z(0)?
661
What are the prime factors of ((-5867)/2)/(-3 + (-20)/(-8))?
5867
Let i(o) = -119*o + 55. Let y(h) = 298*h - 136. Let c(p) = -12*i(p) - 5*y(p). List the prime factors of c(-11).
2, 3, 13
List the prime factors of -7*(-12329)/28*4.
12329
Let k be (-1 - 0)/(1/73). Let d = -62 - k. What are the prime factors of d?
11
Let h(k) = 8 + 6*k**2 - 108*k**3 + 9 + 70*k**3 + 12*k + 29*k**3. What are the prime factors of h(-4)?
641
What are the prime factors of ((-55)/110)/((1/34498)/(-1))?
47, 367
Suppose 2*k + 2*k - 5*g = 20, -15 = -3*k - 3*g. Suppose -3*r - 225 = -k*x - 3750, 2372 = 2*r + 4*x. What are the prime factors of r?
2, 5, 59
Let w(n) = 15117*n**2 - 19*n - 1. What are the prime factors of w(-1)?
3, 5, 1009
List the prime factors of 1 + 24/(-22) + 2848214/187.
3, 5077
Suppose -3541 = -4*p + 1903. Suppose -p = 4*o - 5461. Suppose 5*r - 3*c = o, -5*r + 0*r + 1045 = c. List the prime factors of r.
2, 13
Let m(z) = 92*z**2 - 10 + 2*z**3 - 3*z - 101*z**2 + 4*z + 7*z. List the prime factors of m(7).
3, 97
Suppose 5*q = 2*a - 220, -48 = -5*a + 5*q + 487. Suppose 0*j - 2*g - a = -j, -g - 225 = -2*j. List the prime factors of j.
5, 23
Let r(t) = -t**2 - 86*t - 1528. Let b be r(-44). Suppose 71 = -2*x - 265. Let o = b + x. What are the prime factors of o?
2, 19
Suppose 12262910 = -383*v + 28882429. What are the prime factors of v?
7, 6199
Let m(s) = 5*s**2 - 16*s - 3. Suppose 16 - 26 = -2*k. List the prime factors of m(k).
2, 3, 7
Let h(q) = -q**3 + q**2 + 0*q**2 + 5 + 33 + 5. Suppose -106*a + 101*a = 0. What are the prime factors of h(a)?
43
Let g(j) = -20*j**3 - 2*j**2 - 22*j + 8. Let x(t) = -58*t**3 - 6*t**2 - 63*t + 25. Let u(o) = 17*g(o) - 6*x(o). What are the prime factors of u(6)?
2, 5, 181
Suppose 65*y = 19*y + 130134. What are the prime factors of y?
3, 23, 41
Let h = 2123 + -1233. What are the prime factors of h?
2, 5, 89
What are the prime factors of (-3)/(246935/24695 - 10)?
11, 449
Suppose 3*i = -y + 1771, 0 = -y + 2*i + 366 + 1380. What are the prime factors of y?
2, 439
Let o = 1182 - -3458. Suppose 8*j = -0*j + o. List the prime factors of j.
2, 5, 29
Let j(s) = -s**3 - 7*s**2 - s - 9. Let c be j(-8). Suppose 182 = 5*w - c. What are the prime factors of 2 + (w - ((1 - 3) + -1))?
2, 3
Suppose 2278 = -8*g + 118. Let a = 325 - g. What are the prime factors of a?
5, 7, 17
Let l(k) = -k**3 + 34*k**2 - 32*k + 25. Let n(z) = z**3 - 32*z**2 + 32*z - 26. Let d(s) = 3*l(s) + 2*n(s). List the prime factors of d(37).
2, 13
Let o(g) = 9*g**3 + 5*g**2 + 8*g + 18. Let w be o(8). Suppose 12*n - 9630 = w. List the prime factors of n.
2, 5, 61
Let u = 39269 + -16624. List the prime factors of u.
5, 7, 647
Let o = 9861 + -1170. What are the prime factors of o?
3, 2897
Let c(m) = 5*m + 3. Let r be c(1). Suppose -r*u + 684 = u. What are the prime factors of u?
2, 19
Let c(s) = -s**3 + 18*s**2 + 48*s - 154. Let f be c(20). Suppose -2*a - f*a + 24 = 0. What are the prime factors of a?
3
Let t = 3261 - 679. Suppose t = 12*z + 470. List the prime factors of z.
2, 11
Let i = -206 + 197. What are the prime factors of (-3)/(-9) - 2283/i?
2, 127
Let q(r) = -3*r**2 - 22*r - 17. Let l be q(-6). Suppose 0 = l*t - t - 8088. What are the prime factors of t?
2, 337
Suppose -c = -3*z + 3220 + 131, 5*z = -4*c + 5602. Let k = z + -330. What are the prime factors of k?
2, 197
Suppose -3*p = -4*g - 10, -2 = -2*g + 4*p - 12. List the prime factors of 12/(-6 - 6) - 1443*g.
2, 7, 103
Let v(z) = 27*z**2 - 7*z + 5. Let d be v(1). Let y be 3/1 + d + 3. Suppose 43*f - 2124 = y*f. What are the prime factors of f?
3, 59
Let b(q) = 3*q**2 + 18*q - 2. Let r = 24 - 31. Let i be b(r). Suppose 0 = -t - i + 113. List the prime factors of t.
2, 47
Let z be 1/1*(2 + 3). Let y(g) = 4*g**2 + 33*g + 13. Let d be y(-8). Suppose z*n - 11 = 2*v - 3*v, -3*n - v = -d. What are the prime factors of n?
3
Suppose x - 2*y - 160 = -y, -3*x + 4*y = -477. Suppose g - 3*b = -5*b + 40, 4*g + 5*b = x. Suppose g = 13*o - 10*o. List the prime factors of o.
2, 7
Let k(t) = 76*t**2 - 16*t - 239. List the prime factors of k(-10).
3, 23, 109
List the prime factors of (10607 - (12 - 2)) + (10 - 2).
3, 5, 7, 101
Suppose 14042*c + 731484 = 14055*c. List the prime factors of c.
2, 3, 521
Suppose 2*p = 4*w - 1678, 2*w + 3*w + 3408 = -4*p. Let d = p - -1220. What are the prime factors of d?
373
Let g(c) be the second derivative of 55*c**4/12 + 5*c**3/6 - 14*c**2 + 2*c - 36. List the prime factors of g(3).
2, 241
Suppose 0 = -258*p + 260*p - 360. Let m = 394 + p. What are the prime factors of m?
2, 7, 41
Let h(c) = -6*c + 474. What are the prime factors of h(-19)?
2, 3, 7
List the prime factors of ((-9559)/395)/((-1)/265).
11, 53
Suppose -4*r + f - 4*f = -506, 2*f - 252 = -2*r. Let c = r - -229. List the prime factors of c.
3, 7, 17
Let l(s) = -33 - 3*s - s + 11 - s. Let z be l(-14). What are the prime factors of z + (-2*4)/(-4)?
2, 5
Let z(u) = 2*u**3 - 5*u**2 - 5. Let d be z(6). Let w be ((-891)/162)/((4/2)/(-12)). Let f = d - w. List the prime factors of f.
2, 107
What are the prime factors of (-12)/(-6) - -14 - -31215?
31231
Let w(m) = 10*m**2 - m + 2. Let z be w(13). Suppose -9*c + z = -1579. List the prime factors of c.
2, 181
Suppose 0 = 3*t + 2*l - 1684, -2*t + l = 823 - 1948. What are the prime factors of t?
2, 281
Let p(l) be the third derivative of l**6/120 - l**5/30 + 5*l**4/6 - 11*l**3/6 + 99*l**2. What are the prime factors of p(8)?
13, 41
Let a be (-32725)/(-510) + ((-10)/(-12) - 1). Suppose a*j - 77*j = -13533. List the prime factors of j.
3, 347
Suppose -2*y = 5*o - 7600, -6098 = -4*o + 9*y - 7*y. What are the prime factors of o?
2, 761
Let q be ((-3)/(-6))/((-3)/(-3 + -9)). Suppose q*i = 6*i -